 the remainder when 182920689 is divided by 66420.
9
Calculate the remainder when 53652 is divided by 724.
76
What is the remainder when 1128876 is divided by 6325?
3026
What is the remainder when 1546694 is divided by 568?
30
What is the remainder when 13056121 is divided by 63073?
10
Calculate the remainder when 6172 is divided by 2047.
31
What is the remainder when 2825043 is divided by 126?
123
Calculate the remainder when 408070 is divided by 407877.
193
Calculate the remainder when 53733594 is divided by 42.
12
Calculate the remainder when 8274416 is divided by 945.
941
What is the remainder when 37001 is divided by 18289?
423
Calculate the remainder when 45658127 is divided by 4565811.
17
Calculate the remainder when 272144 is divided by 135921.
302
What is the remainder when 81305 is divided by 274?
201
What is the remainder when 1548168 is divided by 154815?
18
Calculate the remainder when 2286396 is divided by 134493.
15
What is the remainder when 399665 is divided by 4078?
21
Calculate the remainder when 1313715 is divided by 1313695.
20
What is the remainder when 842277 is divided by 11863?
4
Calculate the remainder when 287474 is divided by 1213.
1206
Calculate the remainder when 5276525 is divided by 137.
107
Calculate the remainder when 63305800 is divided by 3414.
3412
Calculate the remainder when 10414150 is divided by 598.
578
What is the remainder when 79310 is divided by 568?
358
What is the remainder when 81202045 is divided by 3667?
3664
What is the remainder when 58922779 is divided by 631?
630
Calculate the remainder when 13698555 is divided by 1608.
3
Calculate the remainder when 1258522 is divided by 57169.
804
Calculate the remainder when 724072783 is divided by 47.
42
Calculate the remainder when 6640463 is divided by 6990.
6953
What is the remainder when 315797 is divided by 43?
5
What is the remainder when 1142003 is divided by 163?
25
Calculate the remainder when 448795 is divided by 40793.
72
Calculate the remainder when 129353 is divided by 2271.
2177
Calculate the remainder when 1028470 is divided by 742.
58
Calculate the remainder when 82140 is divided by 2560.
220
Calculate the remainder when 3273019 is divided by 168.
43
What is the remainder when 14779451 is divided by 126320?
11
Calculate the remainder when 35027296 is divided by 9719.
20
What is the remainder when 32407116 is divided by 4050888?
12
What is the remainder when 18342072 is divided by 441?
0
Calculate the remainder when 8027315 is divided by 21992.
235
What is the remainder when 3531164 is divided by 882736?
220
What is the remainder when 8635185 is divided by 24?
9
What is the remainder when 508807948 is divided by 75?
73
What is the remainder when 99764000 is divided by 26?
24
Calculate the remainder when 18661201 is divided by 81.
16
What is the remainder when 7022282 is divided by 492?
458
What is the remainder when 6018392 is divided by 247?
237
Calculate the remainder when 1584141 is divided by 264007.
99
Calculate the remainder when 2080283 is divided by 79996.
387
Calculate the remainder when 1688588 is divided by 1008.
188
Calculate the remainder when 5244923 is divided by 256.
251
What is the remainder when 24880532 is divided by 177718?
12
What is the remainder when 285988 is divided by 285549?
439
Calculate the remainder when 272474327 is divided by 2057.
2050
Calculate the remainder when 930758 is divided by 84608.
70
Calculate the remainder when 1790870 is divided by 20122.
12
What is the remainder when 270741 is divided by 1527?
462
Calculate the remainder when 1731049 is divided by 38.
35
Calculate the remainder when 62605533 is divided by 74887.
1
What is the remainder when 20243772 is divided by 114?
108
What is the remainder when 364947 is divided by 444?
423
Calculate the remainder when 5683875 is divided by 1809.
1806
What is the remainder when 1562217 is divided by 1896?
1809
What is the remainder when 40602237 is divided by 1140?
1137
Calculate the remainder when 1059108 is divided by 483.
372
Calculate the remainder when 829609 is divided by 207380.
89
What is the remainder when 27998546 is divided by 379?
300
Calculate the remainder when 27192 is divided by 1076.
292
Calculate the remainder when 154930 is divided by 12837.
886
Calculate the remainder when 5391765 is divided by 3901.
583
Calculate the remainder when 944693 is divided by 11956.
169
Calculate the remainder when 175599160 is divided by 4877754.
16
Calculate the remainder when 33990 is divided by 33948.
42
Calculate the remainder when 2775 is divided by 2072.
703
What is the remainder when 10853132 is divided by 1998?
1994
Calculate the remainder when 667972 is divided by 333970.
32
Calculate the remainder when 190650091 is divided by 24.
19
What is the remainder when 213698 is divided by 21?
2
What is the remainder when 88131 is divided by 16746?
4401
Calculate the remainder when 35471 is divided by 1202.
613
What is the remainder when 396593 is divided by 713?
165
Calculate the remainder when 28901077 is divided by 31.
25
Calculate the remainder when 8608567 is divided by 36.
31
Calculate the remainder when 581902 is divided by 3683.
3671
Calculate the remainder when 106639343 is divided by 56.
55
Calculate the remainder when 2731460 is divided by 546290.
10
What is the remainder when 1272805 is divided by 5011?
11
Calculate the remainder when 176096808 is divided by 812.
804
What is the remainder when 168637236 is divided by 36407?
12
Calculate the remainder when 3727261 is divided by 390.
31
What is the remainder when 1475859 is divided by 1475783?
76
Calculate the remainder when 431957985 is divided by 756.
753
Calculate the remainder when 59215 is divided by 5492.
4295
What is the remainder when 69647 is divided by 22858?
1073
What is the remainder when 447138 is divided by 1727?
1572
What is the remainder when 96779 is divided by 7608?
5483
What is the remainder when 4351247 is divided by 117601?
10
What is the remainder when 14983372 is divided by 45?
37
What is the remainder when 25733 is divided by 740?
573
What is the remainder when 771263871 is divided by 7232?
7231
What is the remainder when 124299646 is divided by 132?
130
What is the remainder when 21881 is divided by 2350?
731
What is the remainder when 13496557 is divided by 31?
25
Calculate the remainder when 1079274 is divided by 3.
0
Calculate the remainder when 40168 is divided by 1341.
1279
Calculate the remainder when 1230897 is divided by 50.
47
Calculate the remainder when 5884510 is divided by 1176857.
225
Calculate the remainder when 78421183 is divided by 159.
157
What is the remainder when 326054 is divided by 1069?
9
What is the remainder when 296555125 is divided by 3706939?
5
What is the remainder when 363448091 is divided by 1766?
1759
Calculate the remainder when 232720 is divided by 1818.
16
Calculate the remainder when 172915708 is divided by 330.
328
Calculate the remainder when 48453 is divided by 182.
41
Calculate the remainder when 39973603 is divided by 19.
16
Calculate the remainder when 12845767 is divided by 3211440.
7
What is the remainder when 2094951 is divided by 125?
76
What is the remainder when 1475801 is divided by 96?
89
Calculate the remainder when 16609830 is divided by 2393.
17
Calculate the remainder when 21019702 is divided by 3.
1
Calculate the remainder when 298076 is divided by 2013.
152
Calculate the remainder when 11355762 is divided by 294.
12
Calculate the remainder when 136199 is divided by 1891.
47
What is the remainder when 145211 is divided by 2593?
3
What is the remainder when 897776 is divided by 122?
100
What is the remainder when 43509326 is divided by 62?
20
What is the remainder when 10776438 is divided by 36?
18
What is the remainder when 3584818 is divided by 31724?
6
What is the remainder when 8528436 is divided by 4600?
36
Calculate the remainder when 418169 is divided by 1892.
37
What is the remainder when 27349 is divided by 24766?
2583
Calculate the remainder when 33978803 is divided by 5663130.
23
What is the remainder when 400959 is divided by 23497?
1510
What is the remainder when 5822674 is divided by 6639?
271
What is the remainder when 125803 is divided by 11426?
117
Calculate the remainder when 96062 is divided b